st common divisor of 282534848 and 4?
4
What is the highest common factor of 58725145 and 725?
145
What is the highest common factor of 2054957 and 402?
67
What is the greatest common divisor of 1134 and 1731078?
54
What is the greatest common factor of 21556 and 1155148?
1268
Calculate the greatest common factor of 1442 and 3813194.
14
What is the greatest common divisor of 49048960 and 49280?
640
What is the greatest common factor of 2158310 and 616?
154
What is the highest common divisor of 4001386560 and 16320?
16320
What is the highest common divisor of 25912534 and 206?
206
Calculate the highest common divisor of 114 and 5047616.
38
What is the greatest common factor of 92129 and 68715?
509
Calculate the highest common divisor of 355 and 833130.
5
What is the greatest common factor of 184450761 and 11?
11
Calculate the greatest common divisor of 105860 and 552080.
1340
Calculate the greatest common divisor of 12596 and 21338.
94
Calculate the greatest common factor of 832476 and 396188.
1604
Calculate the greatest common divisor of 2725 and 3547514.
109
What is the greatest common divisor of 672 and 19551216?
48
What is the highest common factor of 23844445 and 115?
115
Calculate the greatest common factor of 11235 and 18728103.
321
Calculate the greatest common factor of 7760 and 16237994.
194
What is the greatest common divisor of 2434166714 and 14?
14
Calculate the greatest common divisor of 4074 and 31358160.
582
What is the highest common divisor of 11890 and 28117472?
2378
Calculate the highest common factor of 5269443 and 2337.
123
What is the highest common divisor of 49533 and 34367212?
869
What is the greatest common divisor of 91139 and 2917?
1
Calculate the highest common factor of 1004494072 and 562.
562
Calculate the highest common factor of 87753404 and 1636.
1636
Calculate the greatest common divisor of 16970 and 3360.
10
Calculate the highest common divisor of 7975 and 1432948.
319
Calculate the greatest common factor of 957864 and 11936.
2984
What is the greatest common divisor of 10650 and 79100?
50
What is the highest common divisor of 2170 and 539399070?
2170
What is the highest common divisor of 3910 and 2876570?
170
What is the highest common divisor of 349905 and 75?
15
Calculate the highest common factor of 396816 and 10136.
56
What is the greatest common divisor of 562621950 and 4950?
4950
What is the greatest common divisor of 353677 and 24?
1
Calculate the highest common factor of 49951671 and 3696.
231
Calculate the highest common divisor of 12061752 and 776.
8
Calculate the highest common factor of 132211928 and 1371.
457
Calculate the greatest common divisor of 2 and 2145886.
2
What is the highest common divisor of 984 and 10174068?
492
Calculate the greatest common divisor of 5679 and 10933337.
631
What is the greatest common factor of 52 and 20628049?
13
Calculate the greatest common factor of 6312 and 111880.
8
Calculate the highest common factor of 819444 and 943.
23
Calculate the greatest common divisor of 144365 and 6058.
13
Calculate the greatest common factor of 45499 and 619859.
173
Calculate the highest common divisor of 476491 and 437.
23
What is the highest common factor of 92187270 and 4482?
1494
Calculate the highest common factor of 28830765 and 165033.
5001
Calculate the highest common divisor of 1140 and 4256988.
228
What is the greatest common divisor of 2580896 and 590?
118
What is the highest common factor of 210186147 and 51?
51
Calculate the highest common factor of 450 and 21569850.
450
What is the greatest common factor of 5456749 and 863?
863
Calculate the highest common divisor of 2797602 and 42.
6
What is the greatest common divisor of 447 and 2809693?
149
Calculate the highest common divisor of 5690 and 1744460.
10
What is the highest common divisor of 6149 and 1634215?
473
Calculate the highest common divisor of 798 and 4190827074.
798
What is the greatest common factor of 925722 and 941598?
378
Calculate the greatest common divisor of 858675 and 15078975.
8025
What is the greatest common divisor of 426097 and 16443?
203
What is the greatest common divisor of 48 and 2299476?
12
What is the highest common divisor of 1197 and 19527687?
171
Calculate the greatest common factor of 666 and 2286.
18
Calculate the highest common factor of 33291520 and 20.
20
What is the greatest common divisor of 9 and 1090035?
9
What is the highest common divisor of 1089858 and 312522?
294
What is the greatest common factor of 119636 and 59620?
44
What is the greatest common divisor of 257934 and 4?
2
What is the greatest common factor of 3961713 and 63?
21
Calculate the highest common factor of 89961161 and 251.
251
What is the greatest common factor of 20608 and 47312?
16
Calculate the greatest common divisor of 20390 and 10220.
10
What is the highest common factor of 4980510 and 261?
9
Calculate the greatest common factor of 8708148 and 3468.
3468
Calculate the highest common divisor of 137408 and 885694.
226
What is the highest common divisor of 73521 and 1720936?
2723
What is the highest common divisor of 164109 and 19756?
11
What is the greatest common factor of 8 and 7328473?
1
What is the highest common factor of 3081 and 122457?
3
What is the highest common divisor of 2560 and 2476160?
640
Calculate the greatest common factor of 15455 and 61246760.
1405
Calculate the highest common divisor of 18452232 and 432.
216
What is the highest common divisor of 1068329553 and 51405?
10281
Calculate the greatest common factor of 42280 and 182840.
280
What is the greatest common divisor of 1891 and 24428?
31
What is the highest common factor of 445 and 972931090?
445
Calculate the greatest common divisor of 222 and 16005608.
74
What is the greatest common factor of 41606011 and 19829?
251
Calculate the highest common factor of 3507 and 22701813.
501
Calculate the greatest common factor of 1920851400 and 4450.
4450
Calculate the greatest common divisor of 40 and 924991960.
40
Calculate the greatest common factor of 400 and 940656.
16
Calculate the greatest common divisor of 142975 and 6755.
35
What is the highest common divisor of 2128 and 96166?
14
Calculate the highest common divisor of 874905 and 8395.
365
What is the greatest common divisor of 93224 and 3941424?
2168
Calculate the highest common divisor of 23 and 694576609.
23
Calculate the highest common divisor of 1043 and 17328104.
149
What is the highest common divisor of 29218 and 102870317?
2087
What is the greatest common factor of 13 and 695729307?
13
What is the greatest common factor of 246 and 1558902?
246
Calculate the greatest common divisor of 45350 and 81094870.
9070
What is the highest common divisor of 6141555 and 1540?
35
Calculate the greatest common factor of 15996 and 26984136.
372
What is the greatest common divisor of 18031319 and 372681?
4601
What is the highest common divisor of 7212 and 267601260?
7212
Calculate the greatest common divisor of 368399451 and 63.
21
Calculate the greatest common divisor of 406 and 7060398.
58
Calculate the greatest common divisor of 13281600 and 224.
32
Calculate the greatest common divisor of 6630 and 201441279.
663
What is the highest common divisor of 3516527 and 91?
7
Calculate the highest common factor of 3832 and 5648.
8
What is the greatest common factor of 861366 and 7634?
22
What is the highest common factor of 50 and 545793550?
50
What is the greatest common factor of 35 and 1020025?
5
Calculate the greatest common factor of 294656758 and 22.
22
What is the greatest common divisor of 17573570 and 70?
70
What is the highest common factor of 3071432 and 208?
104
Calculate the greatest common factor of 191154 and 78.
6
What is the greatest common factor of 536370864 and 7212?
7212
Calculate the highest common divisor of 1599 and 701770719.
1599
What is the highest common divisor of 95933901 and 801?
267
Calculate the highest common factor of 439524062 and 2722.
2722
What is the highest common factor of 1192 and 2512?
8
What is the highest common factor of 4204 and 141960?
4
Calculate the highest common divisor of 7072 and 4454034.
442
Calculate the highest common factor of 17 and 30779265.
17
Calculate the greatest common divisor of 6 and 17745891.
3
Calculate the greatest common fac